*p**2 - 56*p + 1152. Calculate v(-31).
5
Let a(u) = 7*u**3 + 4*u**2 - 19. Determine a(3).
206
Let b(k) = -k**3 - 119*k**2 + 493*k + 98. Determine b(-123).
-25
Let x(s) = 24*s + 3454. Give x(-144).
-2
Let j(t) = 5*t**3 - 73*t**2 - 28*t - 34. Calculate j(15).
-4
Let a(k) = 3*k**3 - 10*k**2 + 8*k - 5. What is a(2)?
-5
Let h(u) = 2*u**3 - 23*u**2 + 28*u + 53. Give h(8).
-171
Let z(c) = 6051*c - 18149. Determine z(3).
4
Let g(k) = k**3 - 8*k**2 - 16*k + 5. Determine g(10).
45
Let u(h) = h**3 - 5*h**2 - 98*h + 500. What is u(-10)?
-20
Let a(m) = 13*m + 167. Give a(-17).
-54
Let b(s) = 10*s**2 - 2*s - 28. What is b(6)?
320
Let m(p) = -121*p - 6275. Determine m(-52).
17
Let s(j) = -175*j - 3019. Give s(-17).
-44
Let b(o) = -28*o - 1053. What is b(-35)?
-73
Let q(o) = o**3 + 12*o**2 + 24*o + 25. What is q(-6)?
97
Let d(s) = -s**2 + 21*s + 350. Determine d(30).
80
Let d(k) = k**2 + 14*k - 586. What is d(24)?
326
Let w(g) = 22*g - 650. Calculate w(29).
-12
Let v(x) = x**3 + 15*x**2 + 25*x - 5. Calculate v(-13).
8
Let s(f) = -59*f + 3762. Determine s(64).
-14
Let c(p) = 9*p**2 + 852*p - 281. Give c(-95).
4
Let t(d) = 4*d**3 - 61*d**2 + 7*d - 12. Calculate t(15).
-132
Let h(y) = -7*y**3 - 13*y**2 - 32*y - 143. Calculate h(-6).
1093
Let r(g) = -g**3 + 5*g**2 + 42*g - 185. What is r(6)?
31
Let l(s) = -2*s**2 - 1613*s + 155463. What is l(87)?
-6
Let j(q) = -62*q**3 + q**2 - 5*q - 5. What is j(-1)?
63
Let c(k) = -2*k**3 - 29*k**2 + 49*k + 36. What is c(-16)?
20
Let p(l) = l**2 + 580*l - 5880. Give p(10).
20
Let l(f) = 8542*f + 51251. Determine l(-6).
-1
Let k(f) = -2*f**3 + 9*f**2 - f - 3. Determine k(-4).
273
Let m(o) = 23*o**2 + 20*o - 37. Give m(2).
95
Let p(f) = -f**2 - 125*f + 2261. Give p(-141).
5
Let z(b) = b**3 + 12*b**2 - 21*b - 42. What is z(-13)?
62
Let h(g) = -2*g**3 + g**2 - 12*g + 13. Determine h(2).
-23
Let n(b) = -1372*b + 8232. Calculate n(6).
0
Let k(x) = x**2 - 30*x + 16. What is k(28)?
-40
Let c(g) = g + 238. What is c(26)?
264
Let t(b) = -119*b - 1957. Give t(-17).
66
Let k(g) = 5*g**3 + 29*g**2 - 10*g - 29. Determine k(-5).
121
Let p(t) = -t**3 + 88*t**2 - 260*t + 426. What is p(85)?
1
Let k(u) = u**3 - u**2 - 90*u - 159. Determine k(-8).
-15
Let s(t) = 5*t**3 - 87*t**2 + 182*t - 31. Calculate s(15).
-1
Let i(s) = s**3 - 24*s**2 - 639*s - 32. What is i(40)?
8
Let p(m) = 7*m**2 - 69*m + 163. Calculate p(5).
-7
Let h(u) = -u**3 + 50*u**2 - 439*u - 7. Calculate h(11).
-117
Let j(r) = 2*r**3 + 151*r**2 + 568*r - 7. Give j(-4).
9
Let q(j) = -j**3 - 2*j**2 + 100*j - 5. Determine q(9).
4
Let u(w) = -w**3 - 38*w**2 + 121*w - 4. Determine u(3).
-10
Let c(k) = -7*k + 54. What is c(-23)?
215
Let k(v) = -5*v**3 - 46*v**2 + 67. Give k(-9).
-14
Let n(z) = 2*z**2 - 801*z + 7044. Give n(9).
-3
Let r(u) = u**2 + 132*u - 1578. Give r(11).
-5
Let b(v) = v**3 - 9*v**2 - 34*v + 306. Calculate b(8).
-30
Let u(a) = -8*a**2 + 68*a - 65. Give u(7).
19
Let a(t) = 15*t + 102. Determine a(-5).
27
Let x(c) = -c**2 + 934*c + 38954. Calculate x(-40).
-6
Let t(w) = 42360*w + 127085. Determine t(-3).
5
Let p(a) = -a**3 - 291*a**2 - 290*a + 4. Give p(-290).
4
Let f(i) = i**3 + 182*i**2 + 342*i - 33. Give f(-2).
3
Let k(g) = 236*g**3 - 8*g**2 - 4*g + 5. Calculate k(-1).
-235
Let q(l) = -l**3 - 121*l**2 - 356*l - 286. What is q(-118)?
-50
Let x(g) = -2*g**3 + 233*g**2 + 595*g + 41. Give x(119).
41
Let h(g) = -12*g + 560. Determine h(45).
20
Let g(t) = 36*t - 450. What is g(12)?
-18
Let j(z) = z**3 + 33*z**2 - 38*z + 88. What is j(-34)?
224
Let t(g) = g**2 - 45*g + 431. Give t(14).
-3
Let h(q) = -q**3 + 78*q**2 + 123*q - 3481. What is h(79)?
-5
Let p(j) = j**3 - 6*j**2 + 7*j - 35. Give p(6).
7
Let y(u) = 330*u - 3023. Give y(9).
-53
Let h(u) = -u**3 + 40*u**2 + 9*u - 1866. Determine h(39).
6
Let v(q) = 45*q + 120. Give v(-2).
30
Let m(h) = -h**3 - 35*h**2 - 213*h + 102. Calculate m(-27).
21
Let a(z) = -z**3 + 23*z**2 + 22*z + 40. Determine a(24).
-8
Let j(d) = -440*d - 6691. Determine j(-15).
-91
Let f(x) = x**3 - 54*x**2 - 159*x - 653. What is f(57)?
31
Let m(q) = -261*q + 28708. What is m(110)?
-2
Let w(x) = x**3 - 19*x**2 + x - 30. Determine w(18).
-336
Let z(c) = 99*c - 11088. Calculate z(112).
0
Let i(r) = -r**3 + 5*r**2 + 297*r - 1696. Calculate i(6).
50
Let z(g) = 452*g - 71861. Determine z(159).
7
Let i(j) = 649*j - 5837. Determine i(9).
4
Let j(s) = -2*s**2 - 24*s - 45. What is j(-10)?
-5
Let r(b) = -b**3 - 76*b**2 - 195*b + 1750. Determine r(-73).
-2
Let t(z) = z**2 - 3*z - 167. What is t(15)?
13
Let y(d) = 2*d**3 - 139*d**2 + 1190*d - 3. Determine y(10).
-3
Let c(p) = p**3 + 5*p**2 - 72*p - 81. Determine c(-11).
-15
Let f(c) = c**2 + 22*c - 80. Determine f(3).
-5
Let h(s) = s**2 - s - 14. What is h(-2)?
-8
Let z(l) = 5*l**3 + 55*l**2 + l + 20. Determine z(-11).
9
Let t(p) = 2650*p + 13261. What is t(-5)?
11
Let x(t) = -25*t + 34. What is x(5)?
-91
Let u(l) = -l**2 - 19*l - 18. What is u(-9)?
72
Let g(p) = -p**3 - 36*p**2 - 51*p - 1776. Calculate g(-36).
60
Let u(s) = -2*s**3 + 16*s**2 - 38*s + 15. Calculate u(6).
-69
Let h(q) = 53*q**2 - 4*q - 5. What is h(2)?
199
Let l(i) = 12*i**2 - 10*i + 10. Calculate l(1).
12
Let n(p) = 23*p - 66. What is n(3)?
3
Let j(q) = -552*q + 2185. What is j(4)?
-23
Let s(v) = -v**3 + 13*v**2 - 9*v - 2. Calculate s(11).
141
Let r(t) = 9*t**2 - 538*t - 123. Calculate r(60).
-3
Let a(w) = -57*w + 282. Give a(5).
-3
Let w(j) = -j**2 + 45*j + 283. Calculate w(-6).
-23
Let j(t) = 3*t**3 - 9*t**2 + 10*t + 3. Calculate j(5).
203
Let z(n) = 7*n + 10. What is z(-5)?
-25
Let g(f) = -2*f**2 - 16*f + 204. Give g(7).
-6
Let w(k) = -k**3 - 170*k**2 - 828*k - 12. Determine w(-5).
3
Let q(p) = -2*p**2 + 24*p - 47. What is q(7)?
23
Let t(f) = 3*f**3 - 87*f**2 - 515*f + 165. Give t(34).
-5
Let v(j) = -j**2 - 46*j + 34. What is v(-49)?
-113
Let o(c) = -4*c + 102. Calculate o(37).
-46
Let b(x) = -53*x + 1097. What is b(20)?
37
Let w(n) = 15*n - 197. What is w(9)?
-62
Let p(q) = -3*q**2 + 9*q + 336. Calculate p(12).
12
Let d(g) = -5*g**3 + 28*g**2 - 40*g + 168. What is d(5)?
43
Let g(w) = 31*w + 289. Determine g(-6).
103
Let m(t) = -t**3 + 8*t**2 + 51*t - 51. Calculate m(12).
-15
Let n(m) = 374*m + 2239. Determine n(-6).
-5
Let r(p) = -10*p - 693. Calculate r(-17).
-523
Let c(j) = -78*j**2 + 1180*j - 153. What is c(15)?
-3
Let n(q) = -2*q - 51. What is n(-39)?
27
Let v(l) = -l**3 - 41*l**2 + 192*l + 117. Give v(-45).
-423
Let d(u) = -12*u**2 + 1819*u - 1048. Give d(151).
9
Let k(m) = -15*m + 350. What is k(19)?
65
Let x(q) = 19*q + 17. Give x(6).
131
Let t(y) = -y**2 - 19*y + 900. Determine t(-41).
-2
Let v(b) = 2*b**3 + 112*b**2 + 312*b - 314. Determine v(-53).
4
Let u(h) = h**3 + 30*h**2 + 3*h - 20. What is u(-30)?
-110
Let m(y) = -y**2 + 284*y - 10566. Give m(240).
-6
Let o(f) = f**3 + 57*f**2 - 252*f - 19902. Determine o(-55).
8
Let k(o) = -o**3 + 3*o**2 - 38*o + 163. Give k(4).
-5
Let p(x) = 229*x**3 - x**2 - x + 1. Determine p(1).
228
Let v(d) = 2*d**2 + 40*d - 357. Determine v(-24).
-165
Let s(c) = -10*c**3 + 5*c**2 - 170*c - 172. Give s(-1).
13
Let r(p) = 13*p**2 + 57*p + 18. Determine r(-4).
-2
Let d(r) = -3*r**3 - 10*r**2 - 81*r - 352. Calculate d(-4).
4
Let p(k) = k**2 + 1910*k - 25006. Give p(13).
-7
Let x(i) = 1526*i - 7616. What is x(5)?
14
Let p(i) = 2026*i - 10105. Calculate p(5).
25
Let r(b) = 2*b**3 + 16*b**2 - 84*b + 8. What is r(6)?
512
Let z(d) = 5*d**2 + 219*d + 379. Give z(-42).
1
Let a(h) = -516*h**3 - h**2 - 9*h - 6. What is a(-1)?
518
Let r(v) = v**3 - 32*v**2 + 222*v - 30. Determine r(22).
14
Let m(s) = -s**3 + 3*s**2 + 3*s - 14. What is m(3)?
-5
Let m(h) = -2*h**3 - 24*h**2 - 30*h + 80. Determine m(-3).
8
Let n(s) = -3*s**2 + 466*s - 7777. Give n(19).
-6
Let r(c) = c**2 + 676*c - 11074. Determine r(16).
-2
Let t(v) = -v**3 - 11*v**2 - 4*v - 404. Calculate t(-13).
-14
Let i(a) = -2*a**2 + 77*a - 181. What is i(36)?
-1
Let x(w) = 18*w**3 - 25*w**2 - 4*w + 6. What is x(1)?
-5
Let r(d) = 2*d**3 + 18*d**2 + 13*d + 33. Calculate r(-7).
138
Let g(d) = d**3 + 23*d**2 + 53*d + 128. Determine g(-21).
-103
Let i(h) = 84*h + 108. Give i(-2).
-60
Let a(n) = 2*n**3 + 21*n**2 + 70*n + 838. Give a(-11).
-53
Let k(d) = 277*d + 1344. Determine k(-5).
-41
Let x(p) = -778*p + 1583. Determine x(2).
27
Let n(m) = -131*m - 3544. Give n(-27).
-7
L